 Let l(z) = 28*z**3 + 24*z**2 - 31*z + 3. Let j(v) = l(v) + 3*q(v). Calculate j(-25).
-3
Let u(x) = -417*x + 2*x**3 - 36 + 421*x - 3*x**3 + 83 + 8*x**2. Determine u(9).
2
Let b(q) = -6*q**3 + q + 1. Let v be b(-1). Let z(p) be the second derivative of -5/2*p**2 + 1/6*p**3 + 3*p - 27. Determine z(v).
1
Suppose 0 = 3*k + 5*k - 24. Let d = k - 12. Let x be (-12)/d*(-12)/(-16). Let m(u) = -11*u**2. What is m(x)?
-11
Let i = 742 - 749. Let c(j) be the second derivative of j**4/12 + 4*j**3/3 - j**2 - 16*j. Calculate c(i).
-9
Suppose -z - 4*z = 0. Suppose z*a = 2*a - 4*b + 12, -4*a + 6 = -2*b. Let o(p) = p - 185*p**2 + 186*p**2 + 0*p + 0*p - 5*p. What is o(a)?
0
Let b(a) = -3*a. Let g(p) = -8*p + 7. Let o be g(0). Let r be 3 - (o - 0/7). Calculate b(r).
12
Suppose -121*x + 113*x + 32 = 0. Let f be 4*-1*(-3)/4. Suppose -x*d - f = -15. Let k(i) = 2*i**2 - 4*i. Give k(d).
6
Suppose 4*r + 65*d = 70*d + 19, -2*r + 17 = -5*d. Let o(m) = 11*m**3 + 2*m**2 - m. Determine o(r).
12
Let o(h) be the second derivative of 1/12*h**4 + h + 0 - 5/6*h**3 + 3/2*h**2. Suppose -119 + 1154 = 207*i. What is o(i)?
3
Suppose -5*j + 4*v - 7 = -0*v, 2*j = 5*v + 4. Let p be 1 - (3 - (-4)/(-2)). Let q(y) = 2 + 5*y + p + 1. What is q(j)?
-12
Let y(l) = 28*l - 21. Let k be y(1). Let o(s) = -s**2 + 6*s - 6. Let u be o(4). Let p(c) = 6*c - 2*c**u - 8 - 2 - 3*c**2 + 4*c**2. Calculate p(k).
-17
Let o(s) be the third derivative of 183*s**2 - 1/2*s**3 + 0*s - 1/12*s**4 + 0. Determine o(-5).
7
Let t(s) = s**3 - 12*s**2 - 12*s - 3. Suppose 11*p = 13*p - 20. Suppose 351 = p*x + 17*x. What is t(x)?
10
Let g(k) = k**3 + 34*k**2 + 289*k + 24. Let o be g(-16). Let n(i) = i**3 - 8*i**2 - 3*i + 21. Calculate n(o).
-3
Let l(v) = 397*v - 793. Let r be l(2). Let m(q) = -73*q**3 - q. Calculate m(r).
-74
Let x(z) = -12 + 43 + z**3 - 14*z - 14 - 12 - 7 - 13*z**2. What is x(14)?
-2
Let q(f) = f**2 - 197*f - 804. Let m be q(-4). Let p(i) = 2*i + 53. Give p(m).
53
Let w(n) = -11*n**2 + n. Let j = 382 - 380. Suppose -5*u - 3*x = 11, -u + 5*x + j = -7. Determine w(u).
-12
Let d(z) = -9*z + 8. Let s(c) = 22*c - 18. Let w(i) = -21*d(i) - 9*s(i). Calculate w(-3).
21
Let q(z) = -2*z**3 - 3 + 975*z**2 + z + 4 - 979*z**2 + 4*z**3 - 3*z**3. What is q(-4)?
-3
Let z be (50/35)/((-12)/84). Let o(q) = 35*q + 339. Let j be o(z). Let w(d) = -d**2 - 12*d - 10. What is w(j)?
1
Let h(f) = f - 6. Let n(x) = -x**3 - 12*x**2 - 21*x - 9. Let l be n(-10). Let y = l - 38. Let t = y + 42. What is h(t)?
-1
Let u(m) = 5*m + 46. Let j be u(10). Suppose 20*f - 8*f + j = 0. Let t(d) = -d - 15. What is t(f)?
-7
Let b = -340 + 352. Let w(n) = -b + 2 + 17*n**2 + n - 2*n + 11. Calculate w(1).
17
Let w(u) = -u**3 + u - 10. Suppose -10*a = -8*a - 5*m - 21, 0 = a - 4*m - 9. Suppose a*n = -23*n. Determine w(n).
-10
Let t(m) = 5*m**3 - 16*m**2 + 13*m + 1. Let h(n) = 19*n**3 - 62*n**2 + 51*n + 2. Let b(a) = 6*h(a) - 23*t(a). Determine b(-6).
19
Let q(n) = -22*n + 2. Suppose -103*t - 4 = -99*t. What is q(t)?
24
Let k(a) = -31*a**2 + 72*a + 318. Let t(b) = -7*b**2 + 16*b + 71. Let i(d) = 5*k(d) - 22*t(d). What is i(12)?
-20
Let i(t) = t**3 - 3*t**2 - 8*t + 18. Let w be i(2). Let v be (1 + w - -6)/1. Let a(n) = -n**3 + 7*n**2 - 12*n + 4. Determine a(v).
-6
Let o be -19 + (-81)/(-3) - 6. Let i(f) be the second derivative of -1/6*f**4 - 1/3*f**3 + 3/2*f**o + 0 + 3/20*f**5 + 29*f. What is i(2)?
15
Let o(q) = q**3 + q**2 - 5*q + 17. Let w be (0/(12/3))/(-111 - -110). Determine o(w).
17
Let n be 0/((3 - -1) + -1). Suppose -5*g - 10 = n, 5*c + 2*g + 0*g = 11. Let x(a) = -a**2 - 2*a + 3. Calculate x(c).
-12
Let y(v) be the third derivative of v**5/60 + 17*v**4/24 + 3*v**3/2 - 41*v**2. Suppose -3*k + 9*d = 11*d + 54, -3*k + 5*d = 33. Give y(k).
-7
Suppose 2*j = -2*b - 2 + 22, 4*j = -b + 4. Suppose 252 = -6*v + 10*v. Let s(c) = -81*c**2 + c**3 + 4 + 0 + 12*c + 131*c**2 - v*c**2. Calculate s(b).
4
Let x = 905 - 899. Let b(r) = -4*r**3 - 3*r + 9. Let a(m) = m**3 - m**2 - m - 1. Let j(c) = -5*a(c) - b(c). Calculate j(x).
8
Let h(k) = -16*k**3 + 4*k**2 + k - 2. Let x(m) = 15*m**3 - 5*m**2 - 2*m + 3. Let y = 168 + -165. Let w(o) = y*h(o) + 2*x(o). Calculate w(1).
-17
Let d(o) be the first derivative of 3*o**4/4 - 2*o**3/3 - o**2 - o + 2246. Give d(-2).
-29
Let s(y) = 5368*y + 146 - 10705*y + 5349*y. Calculate s(-12).
2
Let z(q) = 3506*q**2 - 1694*q**2 - 1811*q**2 - 13*q - 8. Determine z(7).
-50
Let o(n) = 11*n + 36. Let x be o(-3). Let q(i) = 19 + 34*i - 12*i + i**3 - 11*i - x*i - i**2 - 7*i. Calculate q(0).
19
Suppose -87*x - 279 = -627. Let l(i) = 8*i**2 - 31*i - 3. Determine l(x).
1
Let x(w) be the first derivative of -1/3*w**3 - 24 + 7/2*w**2 - 2*w. Give x(3).
10
Suppose -2*p = -3*w - 26, -4*p + 3*w = -p - 33. Let k(u) = -u**2. Let r(g) = -3*g + 1 - 3*g - 5*g**2 - 9. Let v(t) = -6*k(t) + r(t). Calculate v(p).
-1
Let i(u) = 23*u**3 + 8. Let c be i(-2). Let n = c + 176. Let z(o) be the third derivative of -o**6/120 - o**3 - o**2. Determine z(n).
-6
Suppose 4*s - 169 = -177, -3*h + 5*s = 26. Let a(n) = -6*n + 23. What is a(h)?
95
Let i(b) = 2*b**2 - 10*b + 6. Let q be (-1)/(2/(-16)) + -1. Let l(w) be the second derivative of w**3/6 - w**2/2 + 2*w - 87. Let m be l(q). Give i(m).
18
Let s = 0 + 4. Let x(q) be the third derivative of -q**6/360 + 7*q**5/120 - q**4/6 + 19*q**3/6 + 9*q**2. Let m(z) be the first derivative of x(z). What is m(s)?
8
Let a be 2511/(-248) - 1*1/(-8). Let c(d) = -12*d + 35 - 60 - d**2 + 15. Calculate c(a).
10
Let n(l) = -8*l**2 + 3*l + 4. Let d(z) = 8*z**2 - 4*z - 5. Let w(o) = 3*d(o) + 4*n(o). Suppose 7*t + 7*t = 1176. Suppose 12*g = 96 - t. Give w(g).
-7
Let a(r) = -33*r**2 - 9*r + 3. Let v(i) = 15*i**2 + 4*i - 1. Let h = 626 - 624. Let z(n) = h*a(n) + 5*v(n). Give z(-1).
8
Let n(o) = 10*o**2 - 3*o - 19. Let q(s) = s**3 + 19*s**2 + s - 3. Let t(i) = -n(i) + q(i). Determine t(-9).
-20
Let u(z) = -3*z**2 - 4*z - 8 - z**3 + 17 - 1 - 9 - 6. What is u(-5)?
63
Let r(q) = q**2 - 6*q - 28. Let v be 14 + -12 - 14/(-2)*1. Let c be r(v). Let i(l) = -l**3 - l**2 - 2*l - 1. Give i(c).
1
Suppose 0 = -3*u - 5*r + 434, 0 = 3*u + 4*r - 0*r - 439. Let o = u + -94. Let t = 65 - o. Let g(d) = -2*d + 3. Give g(t).
-9
Suppose -1061*g + 1048*g + 169 = 0. Let q(p) = p**2 - 11*p - 18. What is q(g)?
8
Let c = -32400 - -32410. Let s(d) = 14*d - 129. What is s(c)?
11
Let f(g) = 3*g**2 - 5*g - 5. Suppose -2*u = -20*u - 72. Let a(s) = -7*s**2 + 11*s + 11. Let h(l) = u*a(l) - 9*f(l). Let j = 2 - 2. Determine h(j).
1
Suppose 0 + 0 = -2*h. Suppose 3*s - f - 4 = 0, s + 2*f = -h*f + 6. Let c(y) = 206 + 0*y**s - 210 - 2*y**3 - 4*y**2 + y**3. Give c(-4).
-4
Let q(m) = -2*m**2 - 53*m - 121. Let u(a) = 2*a**2 + 54*a + 104. Let r(v) = 6*q(v) + 7*u(v). Determine r(-30).
2
Let i(k) = -k**3 + 9*k**2 - 9*k. Let g(o) = -o**3 + 7*o**2 + 31*o + 4. Let b be g(10). Suppose y + 44 = 5*y - 4*m, y - 2*m = b. Determine i(y).
-8
Let b = -914 - -929. Let t(k) be the second derivative of 1/6*k**3 + 0 + 0*k**2 - 7/12*k**4 - b*k. Calculate t(1).
-6
Let q(k) = 19*k**3 - 3*k**2 + 17*k + 18. Let x(h) = 35*h**3 - 5*h**2 + 31*h + 34. Let j(b) = -11*q(b) + 6*x(b). What is j(-4)?
-6
Let a be ((-2)/5)/(94/(-470)). Suppose -3*q + 4 + 2 = 0. Let w(v) = v - q*v - 4*v + 4*v - v**a + 1. Give w(-1).
1
Let l(d) be the third derivative of d**5/60 - d**4/24 - 19*d**3/6 - 186*d**2 - 1. Calculate l(0).
-19
Let r(b) = -b**2 + 13*b - 11. Suppose -t - 12 = -p, 28*p = 32*p - 2*t - 40. Give r(p).
29
Let f(o) be the third derivative of o**5/60 + o**4/4 + 11*o**3/6 + o**2. Let k = 128707 - 128711. Calculate f(k).
3
Suppose -10*r - 10*r + 243 = 7*r. Let m(p) = -22*p + 208. What is m(r)?
10
Let z(o) = -2418*o + 989*o**2 - 43 - 991*o**2 + 2438*o. Give z(2).
-11
Suppose 5*l = 4*i + 76, -l - 366*i + 370*i - 4 = 0. Let a(y) = 3*y - 49. Calculate a(l).
11
Let c(h) be the first derivative of -h**4/4 - 3*h**3 - 7*h**2/2 + 11*h - 35. Suppose o - y = 29 - 5, 2*y - 30 = -o. Let v = 18 - o. Give c(v).
3
Let r = -219 + 247. Suppose r*j = 146 + 50. Let m(t) = t**2. Let v(g) = -g**3 + 12*g**2 + g - 5. Let p(x) = -5*m(x) + v(x). Determine p(j).
2
Let p = 91 + -83. Suppose -p*u - 442 = 222. Let v = -90 - u. Let i(w) = -w**3 - 8*w**2 - 7*w + 5. Calculate i(v).
5
Let v(k) = -8*k**2 + 17*k**2 - 21 - 11*k**2 - 5 + 10*k. Give v(3).
-14
